Let i(h) = -2*h**3 + 5*h**2 - 2*h + 25. Let g(a) = a**3 - 3*a**2 + a - 13. Let o(u) = 5*g(u) + 3*i(u). Determine o(z).
10
Let f = -22 + 26. Let q(b) = b**3 - 3*b**2 - 7*b + 5. What is q(f)?
-7
Let k(l) be the third derivative of l**4/24 + l**3/6 + 41*l**2. Calculate k(3).
4
Let d(x) = 7*x**3 + x**2. Let m be d(1). Let j(z) = -z**2 + 8*z - 2. Give j(m).
-2
Let d(u) be the second derivative of -u**3/6 - 3*u**2 - 6*u. Determine d(-8).
2
Let t(p) be the first derivative of -p**3/3 + p**2/2 + 3*p + 2. Determine t(4).
-9
Let s = 15 + -15. Let q be -2 + 4/(-2) + s. Let j(b) = -2 + 5*b**2 - b + 6*b + b**3 + 4. What is j(q)?
-2
Let t(b) = 1 + 1 - 23 - 11*b. Let k(g) = -5*g - 10. Let c(j) = -45*j - 90. Let f(d) = -4*c(d) + 35*k(d). Let z(p) = -13*f(p) - 6*t(p). Determine z(6).
2
Let r(y) be the third derivative of -y**5/60 + 7*y**4/24 - 2*y**3/3 + 3*y**2 - 4*y. Determine r(7).
-4
Suppose -3*r + 6 = 4*p - 20, 2*r = 5*p + 2. Let c(t) = -2*t + 6. Give c(r).
-6
Let d(i) be the first derivative of -i**4/12 - 4*i**2 + 10*i + 7. Let m(a) be the first derivative of d(a). Determine m(0).
-8
Let q(i) = -i**2 - 3*i - 2. Suppose 0 = o - 3*x - 8, -o + 2*x = -2*o - 7. Let p = 2 - o. Suppose j + p = -3*u, -3*u + 4 = -2*u + 2*j. Determine q(u).
0
Let i(y) be the second derivative of y**7/840 - y**6/90 - y**5/40 - y**4/12 + y**3/6 + 4*y. Let g(f) be the second derivative of i(f). Determine g(5).
8
Let m(n) = -n**2 + 3. Let c(i) = 2*i**2 + i - 6. Let y(g) = -6*c(g) - 11*m(g). Suppose 3 = -2*o - 7. Calculate y(o).
8
Let t(c) be the first derivative of -c**4/4 - 3*c**3 - 3*c**2 + 10*c + 9. Let y be t(-8). Let p(s) = s + 11. What is p(y)?
5
Let r(s) = -16*s + 7*s + 7*s. What is r(1)?
-2
Let k(y) = -3 - 15*y - 3 + 7. Give k(1).
-14
Suppose -6*g = -g - 10. Let q = g - 7. Let i(s) = -4*s**2 + 4*s**2 + 5 - s**2 - 5*s. Calculate i(q).
5
Suppose 0*j = 2*j - 6. Let s(o) = 2*o + 2. Let g(x) = -4*x - 3. Let q(y) = j*g(y) + 7*s(y). Determine q(-4).
-3
Suppose 2*j - 1 = 9. Suppose 5*z - j*r + 5 = 0, 5*z - 17 = 2*z - r. Let u(n) = n**2 - 6*n + 6. Calculate u(z).
-2
Let h(x) = x + 2. Let j(n) = -n**2 - 5*n - 1. Let b be j(-2). Calculate h(b).
7
Let r(m) = -m**2 - 5*m - 1. Let q = -11 - -5. Give r(q).
-7
Let s(l) = l - 10. Let w be s(13). Let f(x) = x**3 - 5*x**2 - x + 2. Let i(k) = 2*k**3 - 9*k**2 - 2*k + 3. Let u(d) = -5*f(d) + 3*i(d). What is u(w)?
5
Let g = 10 - 5. Let z(c) be the second derivative of 2*c**2 + 1/20*c**5 + 5*c + 0*c**3 + 0 - 5/12*c**4. Calculate z(g).
4
Let w = 53 - 47. Let x(d) = -d**2 + 5*d - 4. Calculate x(w).
-10
Let z(i) = -3*i - 1. Let h be z(-2). Let b be (-2)/2*(-2 + h). Let g(r) = r**3 + 3*r**2 - r + 1. Determine g(b).
4
Let i(z) = z**2 - 2*z - 1. Let l be i(3). Suppose -2*f = f. Let p(a) = -4*a**l + 2*a**3 - 2 + a**2 + f*a + a. What is p(2)?
4
Let x be 0 + 3 + 0 + 2. Suppose 15 = 5*d - 3*j, 0*d - 31 = -d - x*j. Let h(f) = -f**2 + 4*f + 8. Give h(d).
-4
Let y(x) be the first derivative of x**3/3 - 2*x**2 - 3*x + 6. Let w = -7 - -11. Calculate y(w).
-3
Let a(f) = 3*f**2 + f + 5. Let t(r) = 1. Let q(z) = a(z) - 4*t(z). Determine q(2).
15
Let k(z) = 84*z - 1 - 3*z**2 - 1 - 165*z + 84*z. What is k(2)?
-8
Let v(g) = 10*g - 7*g - 1 - g**2 + g. Let l(q) = q**3 - q**2 - 1. Let y be l(2). Determine v(y).
2
Let r(q) = -2*q**3 + 5*q**2 - 2*q - 4. Let p(z) = 5*z**3 - 10*z**2 + 4*z + 7. Let a(g) = -3*p(g) - 7*r(g). Give a(-5).
-3
Let v(b) = b**3 + 4*b**2 + 2*b + 5. Suppose 24 = -4*t + 8. Calculate v(t).
-3
Suppose x - 2*x - 9 = 0. Suppose -v = 9 + 5. Let g = x - v. Let s(f) = -f**2 + 6*f - 7. What is s(g)?
-2
Let g(k) = k**3 + 2 + 12*k + k**3 + 3*k**2 - 10*k - 2*k**2. Determine g(-2).
-14
Let w(o) = o**2 - 3*o - 6. Let r = 5 - -7. Let l = r + -7. Determine w(l).
4
Let h(b) = -9*b**3 + b**2. Let g be (1 - 2)*(-1 - 0)/1. What is h(g)?
-8
Suppose -7*r = -2*r. Suppose 0 = v - r - 1. Let g(x) be the first derivative of -2*x**2 - x + 1. Calculate g(v).
-5
Suppose 31 - 6 = 5*k. Suppose -k - 7 = -2*u. Suppose -w + 2*m - 13 = -m, -2*w + 2*m = u. Let g(n) = -n**3 + 5*n**2 - 2*n - 1. What is g(w)?
7
Let v be (0 + 1)*(2 + 7). Let f(l) = l + 6 - v*l + l + 2*l**2. Let n be ((-4)/3)/(2/(-6)). Give f(n).
10
Let s(b) be the first derivative of -7*b**2/2 + 28. Suppose 5*t - 9 + 4 = 0. Determine s(t).
-7
Let m(u) = -u**2 - 2*u + 2. Let w(c) = c**2 - 7*c + 2. Let f be w(7). Let o(h) = 4*h - h**2 + 10 - 2 + 0*h**f. Let i be o(6). Calculate m(i).
-6
Let i(s) be the second derivative of s**3/3 - s**2/2 + 13*s. Suppose 5*u - 1 = -16. Calculate i(u).
-7
Let f = 1 - -3. Suppose j + 14 = f*u + u, j + 4*u = 13. Suppose j = 4*c - 3. Let t(i) = -7*i. Calculate t(c).
-7
Suppose -14 - 4 = -h - 4*q, 12 = 2*h + 2*q. Suppose 0 = -m + h*m. Let r(c) = -4*c + m*c + 2*c. Give r(3).
-6
Let w(y) be the first derivative of -y**3/3 + 3*y**2/2 - 3*y - 8. Give w(4).
-7
Let t = -257/3 - -5143/60. Let l(c) be the second derivative of -1/2*c**4 - 5/6*c**3 - t*c**5 + 0 - 2*c - c**2. What is l(-5)?
-2
Let z(s) = 3*s**3 - 2*s**2 - 7*s + 4. Suppose -4*l + 2*l + 8 = 0. Let v(k) = -8*k**3 + 7*k**2 + 20*k - 12. Let y(p) = l*v(p) + 11*z(p). Give y(-5).
6
Let p(u) = -7*u - u**2 + u + 3*u + 2. Suppose -3*s - 75 = -60. What is p(s)?
-8
Let m(y) = y**3 + 4*y**2 - 5*y + 5. Suppose 0 = -s - 3 - 2. Give m(s).
5
Let l(f) be the second derivative of -f**2 + 0 - 11/6*f**3 - f + 1/24*f**4. Let y(u) be the first derivative of l(u). Determine y(6).
-5
Let x(z) = -z + 1. Suppose -11 = -g - 7. Let k(t) = 15*t - 3. Let q(o) = g*x(o) + k(o). What is q(-1)?
-10
Suppose c + 2*c - 3 = 0. Let m be -3 + (2 - -2) + c. Let u(f) = -1 + f**m + f**2 + f - 4*f**2 - f**2. Calculate u(2).
-11
Let s(h) = -4 - 4*h + 2 - h**3 + 4*h**2 - 6*h**2. Determine s(-2).
6
Let o(s) = s**2 + s + 10. Let l be 0/(-2) + 5 + -4. Let h(q) = -q + 1. Let m(v) = l*o(v) - 6*h(v). Calculate m(-6).
-2
Let l(p) = 2*p - 2 - 4 + 1. Let m be -1 - 3*6/(-9). Let u be 7/(m/1) + -3. Calculate l(u).
3
Let a(c) = 14*c + 12. Let m(r) = -9*r - 8. Let h(i) = -5*a(i) - 8*m(i). Suppose -2*o - 25 = 5*y, y - 3*o + 3 = 15. Determine h(y).
-2
Let h(z) = z - 4. Let c be h(7). Let j(n) = 2*n**2 - 2 - 3 + c + n**2. Calculate j(-2).
10
Let w(l) = -7*l - 11. Let d(o) = 11*o + 17. Let x(n) = 5*d(n) + 8*w(n). Let f be x(-7). Let h(v) = -v + 4. Give h(f).
0
Let t(o) = o**2 - 6*o + 1. Let j be t(7). Let p(q) = -q**3 + 6*q**2 + q - 5. Let a be p(6). Let w(r) = -5 + j + r - a. Determine w(-3).
-1
Suppose 3*u - 14 - 4 = 0. Suppose -3*a + 5*m - 32 = 0, -4*a - 3*m + 4*m = 54. Let b be a/u + 3/9. Let w(v) = 3*v + 3. What is w(b)?
-3
Let f = 7 + -4. Suppose f*z - 7 = 5. Let c(b) = -4*b**3 + 3*b**3 + 0*b + 1 - 2*b + z*b. Calculate c(2).
-3
Let f(i) = -13*i + 10. Let b(j) = 7*j - 5. Let p(s) = 5*b(s) + 3*f(s). Let o(h) = 7*h - 10. Let r(m) = 6*o(m) + 11*p(m). Let q be (-1)/(1/5)*1. What is r(q)?
5
Let c(u) be the second derivative of 5*u**3/6 + 2*u**2 + 28*u. Calculate c(3).
19
Let a(k) = 2*k**2 - 3*k - 3*k**2 - 2 - 1 - 5*k. Let c be a(-7). Let b(m) = 2*m - 5. Determine b(c).
3
Let h(u) = 6*u + 2. Let z(w) = 6*w + 0*w - 2*w - w**2. Let a be z(5). Let t(l) = -5*l - 2. Let v(p) = a*t(p) - 4*h(p). Give v(5).
7
Let q be -2 - (1 + -2) - 2. Let v(f) = -f**3 - 3*f**2 + f + 3. Let i be v(q). Let y(b) = -3*b**2 + 4*b**2 + 5 + 3*b**3 - 4*b**3 + 0 - b. Determine y(i).
5
Let k(n) = -n**2 - 3*n - 4. Suppose 0 = 12*t - 17*t - 25. Determine k(t).
-14
Let z(j) = -5*j + 12 - 4 + 6*j. Give z(-4).
4
Let g(m) be the first derivative of m**3/6 + m**2 + 3*m + 3. Let b(l) be the first derivative of g(l). Calculate b(2).
4
Suppose -l - 16 = -2*r, -2*l = 4*r - 0*r - 48. Suppose 3*c - r = -1. Let y(w) = -w**2 + 5*w - 2. What is y(c)?
4
Let m(u) be the second derivative of -u**3 + 2*u**2 + 18*u. Give m(-3).
22
Let y(d) = -d - 2 + 2*d - 701*d**2 + d**3 + 694*d**2. Calculate y(7).
5
Let d(u) = -1. Let l(k) = k**2 - 5*k - 2. Let z(m) = 6*d(m) - l(m). Let j(s) = s**2 + 4*s. Let g be j(-5). Give z(g).
-4
Let v = 2 + -7. Let o(g) be the second derivative of 1/12*g**4 - g + 3*g**2 + 5/6*g**3 + 0. Calculate o(v).
6
Let h(q) = q**3 - 1. Let l(j) = -j**3 - 4*j**2 - 7*j + 6. Let w(c) = 2*h(c) + l(c). Determine w(5).
-6
Suppose 2*b - b = -8. Let q = -7 - b. Let g(k) = -8*k**2 + k. Determine g(q).
-7
Suppose 0 = -3*m - q - 7, -3 = 4*m - q + 4. Let u b